t h(d) be the second derivative of 0 - 2*d + 1/2*d**2 + 19/6*d**4 - 1/6*d**3. Is h(-4) a composite number?
False
Suppose -4*q + 11624 - 857 = 5*o, 0 = -4*o + q + 8622. Is o a prime number?
False
Suppose 6 = 5*k - 14. Suppose 2593 = 5*y + k*l, 3*y - 1553 = -0*y - l. Is y a composite number?
True
Let z(y) = y**3 - 3*y - 5 - 7*y + y + 2*y - y**2. Let m be -2 + 0 + 2 - -6. Is z(m) composite?
True
Let i(s) = s**3 + 39*s**2 - 14*s + 8. Is i(-39) a composite number?
True
Let b = 148 - 536. Let y = -177 - b. Is y prime?
True
Let s(i) = 277*i - 1. Let q be s(-3). Let y = -458 - q. Let r = y - 229. Is r composite?
True
Suppose -2*d + 49976 = -14*o + 16*o, 99947 = 4*o - d. Is o prime?
False
Let o(t) = 85*t**3 + 5*t**2 + 8*t - 93. Is o(5) a prime number?
False
Let t(f) = 104*f + 21. Let b be (4/(-5))/(17/(-170)). Is t(b) composite?
False
Let m(k) = 8*k**2 + 31*k + 94. Is m(48) a composite number?
True
Let g(s) = 39*s + 16. Let q(f) = -116*f - 47. Let y(p) = 11*g(p) + 4*q(p). Is y(-7) composite?
False
Is (0 + -2)*29846/(-4) a prime number?
True
Let n = -120 + 124. Suppose -2*c = n*z - 194, -z - z = 4*c - 382. Is c a prime number?
False
Let v(a) = a**3 + 17*a**2 - 13*a + 26. Is v(-15) a prime number?
False
Is 12/20 - 49294/(-35) composite?
False
Suppose 5*a = 5*m + 3*a - 6576, 0 = -4*m - a + 5253. Let p = 2965 - m. Is p a composite number?
True
Is ((-248915)/(-3))/(10/12) a prime number?
False
Let d be (-4)/(-16) - ((-5981)/(-4) + 2). Let l = d + 2648. Is l a composite number?
False
Suppose 0 = -2*y - 0*y - 568. Let s = y - -755. Is s a composite number?
True
Suppose 2*n + 3*f + 321 = 3082, -f + 6870 = 5*n. Is n composite?
False
Let k(x) = -518*x - x**3 + 1025*x - 512*x + 16*x**2 - 17. Suppose 4*b + 37 = 3*j, b = 3*b + 8. Is k(j) composite?
False
Let b be (4/((-20)/9))/(2/(-20)). Suppose -8*u - 15610 = -b*u. Is u a prime number?
False
Suppose 9*a = 7*a + 10. Suppose -8*j + 3*y = -a*j - 3210, 0 = -2*y + 6. Is j composite?
True
Suppose 4*t - 75 + 11 = 0. Let d be -4*(7900/t)/(-5). Suppose -3*l = -1 - 5, -l = 3*y - d. Is y a prime number?
True
Is (3/(-24)*-4538)/(5/20) a prime number?
True
Let b = -4 + 9. Suppose -b*d = -2*f + 7*f + 285, -4*d = 3*f + 226. Is d*1*(-2)/2 composite?
True
Let l(c) = -c**2 - 11*c - 3. Let r be l(-12). Let i = r - -18. Suppose -i*k - k = -88. Is k composite?
True
Let c(i) = 16*i**2 - 42*i + 169. Is c(-36) a composite number?
True
Let w = -463 + 945. Let z = w - 163. Is z composite?
True
Suppose -17*c = -12*c - 4310. Is c a prime number?
False
Suppose 25 - 95 = 2*t. Let u be (-10)/t + 122/14. Is 1424/6 - 3/u prime?
False
Let c(x) = 165*x - 1. Suppose 2*p + f + 2*f = 2, 3*p - 3 = 2*f. Let y be c(p). Suppose z - y = -z. Is z prime?
False
Let x(z) = -778*z - 111. Is x(-5) a prime number?
True
Suppose v + 3*z = -2*v - 132, 5*z - 140 = 4*v. Let p = v - -254. Is p a composite number?
True
Suppose 0 = -n + 3*i - 4547, -16*n + 13617 = -19*n + i. Let d = 21 - n. Is d a composite number?
True
Let h = -21 + 28. Suppose -995 = -h*z + 2*z. Is z prime?
True
Let k(w) = -231*w + 47. Let t be k(-18). Is (t/(-15))/((-3)/9) prime?
False
Let a = -4 - -7. Suppose -a*h + 4*h = 127. Is h a prime number?
True
Let z(x) = -x + 13. Let c be z(13). Suppose 0 = -2*g + 4, 3*y = -c*y + 3*g + 165. Suppose 9*t = 6*t + y. Is t prime?
True
Suppose 0 = -13*s + 22*s - 259641. Is s a composite number?
True
Suppose -10 = -2*c, -4*m + 2*c - 12 = -2. Let y be 4 + 1*(m + -1). Suppose 215 = 2*b + y*b. Is b a prime number?
True
Let s be (-86)/(2/6 + -1). Suppose -3*j - 3*w = -4*w - 4, 2 = w. Suppose 5*g - 3*g - 3*o - 251 = 0, -j*o + s = g. Is g composite?
False
Let l(k) be the first derivative of k**6/60 + k**5/20 + k**4/8 - k**3/6 - 5*k**2/2 - 2. Let m(g) be the second derivative of l(g). Is m(3) prime?
True
Let d be 193/(9/(108/40) - 3). Suppose 2*x + 217 = m, 45 = 3*m + 3*x - d. Is m composite?
False
Suppose -2*b - 28 + 30 = 0. Let p(h) = 682*h**2 - h + 2. Is p(b) a prime number?
True
Suppose -4*u + 10677 = -s - 17760, -2*u = -3*s - 14221. Is u a composite number?
False
Suppose -263*b = -264*b + 6457. Is b prime?
False
Let f(v) = 10*v**3 - 11*v**2 + 8. Let t be f(8). Suppose 2*p - q - 2238 = 3*q, -4*p = 5*q - t. Is p a composite number?
True
Suppose 3*p = 2*p + 5*j, -5*p + 5*j = 0. Is (-57 - -59) + 1116 + p + -1 composite?
False
Let d(y) = -2*y**3 - 39*y**2 - 15*y + 51. Is d(-20) a composite number?
False
Let b(h) = -h**2 - 2*h. Let t be b(5). Is 1324*-1*t/20 a prime number?
False
Let h(d) = -d**3 - 5*d**2 + 6*d - 1. Let y be h(-6). Is 475/5 + 1 + 1*y prime?
False
Suppose f + 2 = 3*c, 7*c - 2*c + 4*f - 9 = 0. Is 2 + c + 232*2 a composite number?
False
Suppose 1314*k - 1295*k = 166801. Is k a composite number?
False
Let m(l) = -l**2 + 47*l - 137. Is m(17) prime?
True
Suppose 115 + 1301 = 6*o. Let g = o - 151. Is g a prime number?
False
Suppose -10999 = -5*m + 8*v, -5*m + 3*v + 10297 + 712 = 0. Is m composite?
False
Let c(j) = -222*j - 1. Let z be c(-3). Suppose -4*n - 3832 - z = -5*m, -1806 = -2*m - 2*n. Is m prime?
False
Let r = 11987 - -1081. Is 7/(-35) + r/15 a prime number?
False
Let l = -23 + 16. Let y(t) = -t**3 - 8*t**2 - 8*t - 5. Let n be y(l). Suppose 0 = -i + n*i - 563. Is i a composite number?
False
Is ((-125122)/(-18) - -2) + 4/(-18) prime?
False
Suppose 2*t - 220 = 5*z + 2268, 5*t = 5*z + 6190. Is t composite?
True
Let h = 121 + -90. Is h prime?
True
Suppose 0 = p + 4*u - 83 - 75, -u = 4*p - 677. Suppose 461 - p = i. Is i a composite number?
True
Let f(h) = -h**3 - 9*h**2 - 7*h + 10. Let i be f(-8). Let v be -1*(-4 + -2 + i). Suppose 2*a - v*q = 215 - 81, -4*a - 4*q = -328. Is a composite?
True
Suppose -c + 4 = -1. Let g = c + -2. Suppose g*l = 5*l - 662. Is l prime?
True
Let w(f) = 2*f**2 - 19*f + 1. Let p be w(10). Let z(n) = 12*n**2 - 10*n - 5. Is z(p) a composite number?
True
Let b = 35632 - 15723. Is b a composite number?
True
Let r(i) = 2*i**2 + 18*i - 1. Suppose 2*w + 3 = l, -2*w - 5 = 2*l - 29. Is r(l) a composite number?
True
Let g = -464 + 781. Let k = -204 + g. Is k a prime number?
True
Suppose 2*v - 24271 = -5*y, -5*y + 4*y - 3*v + 4862 = 0. Is y a prime number?
False
Let g(x) = 18*x. Let p be g(10). Suppose 3*i = -p - 429. Let f = i - -462. Is f composite?
True
Suppose -3*b + 655 = -2*p, 3*b + 2*p - 657 = 5*p. Is b a composite number?
True
Suppose -3*q = -3*x - 25677, 3*q - 25689 = -5*x + 2*x. Is q prime?
False
Let v(z) = 3*z + 7. Let g = 0 - 5. Let j be v(g). Is 551/7 + j/(-28) a composite number?
False
Let y = 15043 - 2846. Is y prime?
True
Let s(o) = -o + 1. Let d be s(-1). Suppose -d*r + 50 = -170. Suppose -3*y = -y - r. Is y prime?
False
Suppose -89*w + 94*w = 20555. Is w prime?
True
Suppose 7*y - 24*y + 2363 = 0. Let w = -5 - -10. Suppose 3*d - 4*x = -9 + y, 182 = w*d + 2*x. Is d a composite number?
True
Suppose -4*h = 5*f - 15, -3*f + 6 = 5*h - f. Suppose 2*k + 4*b - 6202 = 0, -4*k = -h*b + 5*b - 12416. Is k prime?
True
Let k be (-416)/30 + (-15)/((-1800)/(-16)). Let b(j) = -58*j - 23. Is b(k) prime?
False
Let q = -15 - -7. Is (q/12)/(1 + 537/(-531)) a prime number?
True
Let w(j) = -11 - 4*j - 2*j + 3*j - j. Is w(-16) prime?
True
Let f = 11823 - 4216. Is f a prime number?
True
Let l be (-3)/9 + 2220/18. Suppose l = 5*f - 2. Let g = f + 28. Is g composite?
False
Let y = -1069 + 2030. Is y composite?
True
Suppose 5*n = -0*n + 25. Suppose -3*u + 7*u = -5*s + 935, -n*s - u + 950 = 0. Is s composite?
False
Suppose 147092 = 6*c + 38*c. Is c a composite number?
False
Let y(u) = -34*u. Let n(w) = w - 13. Let t be n(12). Let k(h) = h - 1. Let o(j) = t*y(j) + 3*k(j). Is o(2) composite?
False
Suppose 5*d + 5*k = -3586 + 14331, 6451 = 3*d + 5*k. Is d composite?
True
Suppose -o + 1 = -1. Suppose -o*u = 4*u - 210. Is u prime?
False
Suppose -5*a + 2*w + 34377 = -10618, 4*a = 5*w + 35996. Is a a composite number?
False
Suppose 19813 = 4*b + 4*n - 7283, -2*b = 4*n - 13550. Is b composite?
True
Let m(y) = -y**2 - 13*y + 5. Let i be m(-13). Suppose -4854 + 749 = -i*p. Is p a prime number?
True
Suppose 8*d - 16 = -0*d. Suppose 4630 = 5*r - 5*o, -o - 336 = d*r - 2179. Is r a composite number?
True
Suppose -5*k = -5*c + 6*c - 77556, 2*c = -3*k + 46535. Is k prime?
True
Let d = -24305 + 47070. Suppose 5*x - d = 2*q, 0*x - 4*q + 13685 = 3*x. Is x composite?
Tru